-4 (base 11) in base 9?
-4
Convert -2 (base 9) to base 15.
-2
Convert 22 (base 15) to base 4.
200
Convert 42 (base 11) to base 9.
51
32 (base 4) to base 3
112
-330 (base 6) to base 10
-126
Convert 1022 (base 6) to base 5.
1410
Convert 15b (base 12) to base 7.
425
Convert 54 (base 13) to base 9.
76
Convert 12 (base 7) to base 16.
9
Convert -24 (base 12) to base 15.
-1d
8 (base 15) to base 14
8
Convert 3 (base 15) to base 9.
3
-12 (base 4) to base 5
-11
What is 2 (base 4) in base 10?
2
Convert -2 (base 7) to base 14.
-2
4 (base 9) to base 3
11
Convert 1010101 (base 2) to base 11.
78
Convert -48 (base 16) to base 7.
-132
What is -1001 (base 2) in base 8?
-11
Convert 1100 (base 3) to base 5.
121
-93 (base 13) to base 15
-80
What is -10 (base 16) in base 14?
-12
What is -405 (base 6) in base 10?
-149
3 (base 5) to base 11
3
-16 (base 11) to base 16
-11
-4 (base 5) to base 7
-4
Convert -7 (base 10) to base 5.
-12
What is 130 (base 6) in base 12?
46
-11 (base 8) to base 11
-9
What is 44 (base 5) in base 15?
19
-99 (base 10) to base 16
-63
Convert -10211 (base 4) to base 13.
-197
What is -4 (base 8) in base 12?
-4
2 (base 3) to base 10
2
Convert d (base 16) to base 8.
15
What is -2 (base 10) in base 4?
-2
What is -11101 (base 2) in base 13?
-23
-28 (base 13) to base 15
-24
What is -3 (base 16) in base 14?
-3
3 (base 16) to base 9
3
4 (base 13) to base 2
100
Convert 3 (base 10) to base 11.
3
Convert 23 (base 4) to base 7.
14
What is -9 (base 12) in base 16?
-9
Convert -2 (base 4) to base 10.
-2
What is 8 (base 16) in base 13?
8
What is 4 (base 15) in base 16?
4
-5 (base 15) to base 13
-5
-10 (base 11) to base 4
-23
What is -4 (base 8) in base 16?
-4
Convert 0 (base 4) to base 3.
0
Convert 15 (base 7) to base 11.
11
What is -6 (base 9) in base 13?
-6
Convert -3 (base 10) to base 13.
-3
111 (base 4) to base 16
15
Convert 32 (base 4) to base 16.
e
212 (base 3) to base 2
10111
Convert 212 (base 4) to base 13.
2c
What is -3 (base 5) in base 14?
-3
Convert 1 (base 3) to base 4.
1
Convert 7 (base 12) to base 6.
11
11 (base 9) to base 14
a
What is -76 (base 11) in base 14?
-5d
-6 (base 16) to base 5
-11
Convert 40 (base 9) to base 6.
100
What is b2 (base 14) in base 3?
12210
Convert -21 (base 5) to base 2.
-1011
Convert 21 (base 9) to base 8.
23
What is 1 (base 8) in base 10?
1
What is 74 (base 14) in base 3?
10210
Convert 100001 (base 2) to base 8.
41
What is 2 (base 4) in base 11?
2
What is -15 (base 9) in base 10?
-14
-13 (base 4) to base 3
-21
What is 12 (base 9) in base 3?
102
Convert 3 (base 11) to base 2.
11
Convert 36 (base 11) to base 8.
47
What is 34 (base 13) in base 14?
31
3 (base 11) to base 12
3
Convert -2 (base 16) to base 13.
-2
103 (base 11) to base 4
1330
5 (base 14) to base 9
5
What is -15 (base 7) in base 2?
-1100
Convert 1 (base 4) to base 10.
1
What is 67 (base 12) in base 15?
54
52 (base 11) to base 10
57
Convert -11100 (base 4) to base 13.
-1cb
6 (base 9) to base 5
11
Convert 10 (base 3) to base 9.
3
What is -376 (base 8) in base 10?
-254
Convert -6 (base 16) to base 3.
-20
What is 4e (base 16) in base 10?
78
Convert -12 (base 12) to base 3.
-112
What is 1010011 (base 2) in base 12?
6b
3a (base 12) to base 13
37
Convert -223 (base 4) to base 14.
-31
What is 1 (base 4) in base 16?
1
Convert 77 (base 11) to base 3.
10010
101 (base 8) to base 3
2102
56 (base 8) to base 11
42
-2 (base 12) to base 2
-10
-3 (base 16) to base 11
-3
Convert -1000 (base 2) to base 5.
-13
What is 0 (base 15) in base 6?
0
What is 0 (base 12) in base 8?
0
What is -1111 (base 2) in base 4?
-33
Convert 430 (base 8) to base 11.
235
Convert -12 (base 8) to base 6.
-14
Convert -29 (base 11) to base 9.
-34
What is 3 (base 7) in base 2?
11
Convert 11 (base 2) to base 7.
3
What is -3 (base 6) in base 4?
-3
What is 8 (base 14) in base 9?
8
-65 (base 9) to base 10
-59
Convert 11 (base 7) to base 5.
13
Convert bb (base 12) to base 13.
b0
-234 (base 6) to base 12
-7a
Convert 16 (base 13) to base 3.
201
What is 4 (base 12) in base 15?
4
-1 (base 6) to base 8
-1
What is 6 (base 7) in base 9?
6
Convert -12 (base 7) to base 4.
-21
What is 5 (base 7) in base 16?
5
-29 (base 10) to base 6
-45
What is 48 (base 12) in base 10?
56
What is 3 (base 10) in base 16?
3
100100111 (base 2) to base 13
199
2 (base 16) to base 7
2
What is 4 (base 11) in base 5?
4
-1 (base 8) to base 3
-1
What is 21 (base 6) in base 3?
111
Convert 44 (base 12) to base 5.
202
Convert -3 (base 13) to base 16.
-3
Convert -10100 (base 2) to base 5.
-40
What is -2 (base 3) in base 14?
-2
Convert -1101000 (base 2) to base 6.
-252
What is 4 (base 14) in base 12?
4
1 (base 4) to base 16
1
What is -5 (base 11) in base 12?
-5
11 (base 3) to base 9
4
What is 2121 (base 3) in base 2?
1000110
Convert -a8 (base 13) to base 2.
-10001010
-22 (base 12) to base 16
-1a
-7 (base 12) to base 14
-7
What is -7 (base 16) in base 13?
-7
What is -1 (base 4) in base 7?
-1
Convert -c (base 16) to base 5.
-22
-1122 (base 5) to base 9
-200
-10 (base 6) to base 4
-12
What is 3 (base 9) in base 3?
10
Convert -3 (base 16) to base 7.
-3
Convert 0 (base 15) to base 2.
0
What is 41 (base 8) in base 7?
45
What is 2 (base 8) in base 13?
2
What is -1 (base 5) in base 11?
-1
Convert -24 (base 13) to base 15.
-20
What is 12b (base 13) in base 6?
542
1 (base 14) to base 4
1
Convert 22 (base 4) to base 6.
14
-b (base 15) to base 14
-b
Convert 3 (base 8) to base 13.
3
Convert 1 (base 10) to base 7.
1
-11 (base 2) to base 16
-3
What is -7 (base 10) in base 8?
-7
Convert d (base 14) to base 3.
111
-100010000 (base 2) to base 11
-228
What is 3 (base 5) in base 14?
3
2 (base 13) to base 16
2
Convert 29 (base 10) to base 14.
21
Convert -28 (base 13) to base 10.
-34
3 (base 5) to base 9
3
Convert 11 (base 10) to base 3.
102
Convert -21 (base 12) to base 14.
-1b
Convert -117 (base 11) to base 7.
-256
Convert 1101 (base 2) to base 3.
111
What is 101 (base 11) in base 14?
8a
Convert -2 (base 15) to base 13.
-2
6 (base 15) to base 5
11
Convert 0 (base 8) to base 12.
0
200 (base 3) to base 5
33
Convert 49 (base 11) to base 8.
65
Convert -5a (base 16) to base 7.
-156
86 (base 9) to base 12
66
What is 110 (base 6) in base 3?
1120
What is 2 (base 9) in base 10?
2
-141 (base 10) to base 16
-8d
Convert 2 (base 4) to base 7.
2
Convert 1 (base 16) to base 11.
1
What is -3 (base 12) in base 15?
-3
What is -2 (base 4) in base 8?
-2
What is -6 (base 9) in base 10?
-6
Convert 2 (base 13) to base 9.
2
What is -5 (base 8) in base 5?
-10
What is -c (base 15) in base 7?
-15
What is -11 (base 7) in base 15?
-8
Convert 39 (base 15) to base 11.
4a
Convert a9 (base 15) to base 11.
135
What is -6 (base 8) in base 16?
-6
-2 (base 6) to base 5
-2
What is 0 (base 12) in base 10?
0
-4 (base 14) to base 9
-4
Convert -10 (base 5) to base 9.
-5
Convert -40 (base 5) to base 15.
-15
Convert -53 (base 13) to base 7.
-125
11 (base 7) to base 9
8
What is -2 (base 3) in base 2?
-10
-3 (base 11) to base 9
-3
1 (base 12) to base 2
1
What is -3 (base 6) in base 12?
-3
Convert 55 (base 7) to base 9.
44
Convert 13 (base 4) to base 12.
7
2 (base 11) to base 3
2
What is 101011 (base 2) in base 4?
223
52 (base 6) to base 4
200
What is -41 (base 6) in base 2?
-11001
Convert -1 (base 7) to base 2.
-1
-12 (base 6) to base 7
-11
Convert 4 (base 11) to base 9.
4
What is 0 (base 14) in base 7?
0
What is 120 (base 8) in base 14?
5a
Convert c2 (base 14) to base 9.
208
1b (base 12) to base 14
19
-1 (base 15) to base 4
-1
What is -16 (base 14) in base 8?
-24
-33 (base 11) to base 14
-28
What is 44 (base 16) in base 6?
152
11012 (base 3) to base 15
78
What is 1 (base 10) in base 4?
1
What is -13 (base 6) in base 5?
-14
What is 4 (base 9) in base 5?
4
Convert -220 (base 3) to base 8.
-30
2 (base 3) to base 8
2
Convert -36 (base 9) to base 12.
-29
-33 (base 15) to base 16
-30
What is 6 (base 12) in base 11?
6
What is 1002 (base 6) in base 8?
332
1221 (base 5) to base 12
136
What is -26 (base 7) in base 5?
-40
Convert 1102 (base 5) to base 16.
98
What is -57 (base 16) in base 9?
-106
63 (base 9) to base 13
45
Convert 10101101 (base 2) to base 8.
255
Convert -1 (base 13) to base 11.
-1
Convert -11 (base 3) to base 4.
-10
What is 0 (base 13) in base 16?
0
What is -1 (base 9) in base 13?
-1
-7 (base 12) to base 2
-111
